. Calculate r(o).
-8
Let n(t) = 1. Let l(a) = a. Let c(x) = x**3 - 7*x**2 + 5*x + 7. Let j be c(6). Let g(f) = j*n(f) + 2*l(f). Give g(3).
7
Let a(f) = 3*f**2 - 4*f + 3. Suppose 0 = -3*y - 0*w + 2*w + 1, -4*y - w = -16. Give a(y).
18
Let x(k) = 3*k - 3. Let p be x(2). Let v(a) be the second derivative of a**3/6 - 3*a**2/2 - 29*a + 2. Determine v(p).
0
Let x(n) be the third derivative of 0 - 1/120*n**6 + 4*n**2 + 1/6*n**4 + 1/20*n**5 - 1/6*n**3 + 0*n. Suppose 4*w = -2*z - 12, 3*w = 2*z - 22 - 1. What is x(z)?
-1
Let h be (-1)/2 + 21/6. Let y(p) = -5*p + 1. Let o(f) = f. Let n(l) = 6*o(l) + y(l). Give n(h).
4
Let b be ((-15)/(-20))/((-1)/8). Let s = b + 6. Let f(p) = p**2 - p + 6. Calculate f(s).
6
Let n(a) = 4*a + 3. Let t be (-4)/(-10) + 321/(-15). Let d be t/6 - 2/(-4). Calculate n(d).
-9
Let a be 3/(-1) - (-11 + 7). Let b be -2 + -4 - (-2 + a). Let h(m) = -m**3 - 6*m**2 - 3*m + 4. Calculate h(b).
-6
Let t(g) = g**3 + 4*g**2 - 5*g + 4. Suppose -y - 10 = -c - 2, y - 3*c = -14. Give t(y).
4
Let n(j) = 0*j + 6 + j**2 + 5*j + 0*j + 2. What is n(-6)?
14
Let g(b) = 6*b + 41. Let r(s) = -s - 8. Let i(d) = -2*g(d) - 11*r(d). Calculate i(3).
3
Let f(g) = g**2 - 8*g + 6. Suppose 5*r = -0*r + 30. Give f(r).
-6
Let t be 3 + 1 - 18/9. Let r(m) = m**2 - t*m**2 - 3 - 1 + m. Let v be 3/12 + 11/4. Give r(v).
-10
Let j(f) be the first derivative of 2*f**3/3 + f**2/2 + f - 3. Let p = 3 + -5. Determine j(p).
7
Let g(j) = -j**2 + 6. Suppose -4*p = -1 - 7. Suppose 5*s = p*s. What is g(s)?
6
Let k(a) = a**3 + 10*a**2 - a - 13. Let q be k(-10). Let n(j) = -j**2 - 3*j. Let l be n(q). Suppose 3*h = -l*h + 9. Let f(w) = -w**3 + 4*w**2 + w. Give f(h).
12
Suppose p - 15 = -4*p. Let w(a) be the second derivative of -a**5/20 + a**4/3 - a**3/2 - a**2 + 5*a. What is w(p)?
-2
Let d(t) = -t**3 + 4*t**2 + 5*t - 4. Let q be d(5). Let u(s) = -s**3 - 5*s**2. Let y be u(-5). Let c(i) = 1 + y*i + 3*i - i. Give c(q).
-7
Let r(s) = -s**3 - s**2 + 2*s + 3. Suppose -2*k + 2 = 2*v + 10, 0 = -5*k - 4*v - 19. What is r(k)?
15
Let a be (7 - 2 - -3)/(-1). Let j be -6*(-4)/a - 1. Let v(o) be the second derivative of -o**3/6 - o**2/2 - o. Give v(j).
3
Let k(u) be the second derivative of 0*u**4 + 1/120*u**5 - 1/360*u**6 - 2*u + 0*u**2 - 1/3*u**3 + 0. Let g(d) be the second derivative of k(d). What is g(1)?
0
Let v(m) = -m + 2. Let a(k) = -k**2 + 3*k + 13. Let o be a(-3). Give v(o).
7
Let o(d) be the second derivative of 2*d - 7/2*d**2 + 1/6*d**3 + 0. Suppose x + 4*j - 7*j = -9, 3*j - 9 = 0. Calculate o(x).
-7
Let w be 1*30/(-1) + -3. Let v be 8/14 - w/77. Let d(k) = -2*k**3 - k**2 + 1. Determine d(v).
-2
Let f(s) = s**2 + 3*s - 2. Suppose 3 = -3*c, 2*m - 3 = -4*c - 15. Calculate f(m).
2
Let o(f) = -5*f**2 - 4*f + 5. Let k(v) = -4 + 6*v - 2*v + 5*v**2 - v**2. Let t(s) = 4*k(s) + 3*o(s). Let r(g) = -3*g + 3. Let z be r(2). Calculate t(z).
-4
Let o(q) = -2*q. Let s be o(-2). Suppose -5*h + 6 = -s. Let l(r) = 1 + h*r - 5*r + r**2 + 0. Give l(3).
1
Let a(q) = 5*q + 5. Let x be (-4)/(-3 + (-6)/(-3)). Let m(d) = 14*d + 15. Let p(s) = x*m(s) - 11*a(s). Calculate p(-5).
0
Suppose -4*d + 6 = -d. Suppose 0 = q - 2, -4*v + 2*q + q = -10. Let f(t) = 5*t - v + 3 + 2 - 3. Determine f(d).
8
Let t(u) = -u**2 + 9*u - 2. Let x(f) = f**2 + 5*f + 6. Let l be x(-5). What is t(l)?
16
Let q(m) = -2 + 3 - 2*m + 12*m - 9*m. Calculate q(-6).
-5
Let m(u) = 9*u**3 - 5*u**2 + u**2 - 2*u + 2 - 10*u**3. Determine m(-3).
-1
Let s(x) = -x**3 + 1. Suppose -3*t - t = 5*a, -a = 3*t. Let v be s(t). Let i(b) = -v - 2*b - 3*b + 3*b. Determine i(-4).
7
Let m(q) = -3*q - 9. Let i = 0 - 6. Give m(i).
9
Let z(s) = -s - 1. Let b = 11 + -8. Suppose b*w - 21 = -6*m + 3*m, w + 8 = 4*m. Let q = -1 + w. Determine z(q).
-4
Let l(v) be the third derivative of -v**6/24 + v**4/12 - v**3/6 + 8*v**2 + 1. Suppose 0 = a - 2*a + g + 6, 4*g + 20 = 0. Determine l(a).
-4
Let v(c) be the second derivative of -c**8/6720 - c**7/630 + c**6/240 + c**5/60 - 2*c**4/3 + 6*c. Let p(z) be the third derivative of v(z). Calculate p(-4).
-10
Let o be (-1)/(-1) + (0 - -4). Suppose 3*x - 4*x - o = 0. Let b(v) = v**3 + 5*v**2 + 2*v + 7. Let d be b(x). Let c(l) = l**2 + l + 4. What is c(d)?
10
Let q(b) = b**2 + 1. Let p(x) = x**3 + 8*x**2 - 8*x + 8. Let d be p(-9). What is q(d)?
2
Let u(g) = -4*g**3 - 2*g**2 - 5*g - 5. Let q(z) = -5*z**3 - z**2 - 6*z - 6. Let t(n) = 3*q(n) - 4*u(n). Calculate t(-4).
10
Let o(g) = -g**2 + 4*g + 4. Let a = -12 + 17. Let b be o(a). Let p(c) = -3*c**2 - c - 1. What is p(b)?
-3
Suppose -8*i + 10*i + 14 = 0. Let g(t) = t + 13. Give g(i).
6
Let p(r) = -3*r - 726 + r + 729. Determine p(3).
-3
Let j(d) = d - 5. Let n be j(6). Suppose n = -2*g + 3. Let p(z) = 7*z - 1. Give p(g).
6
Let b = 13 - 8. Suppose -b*f - 6 = -1. Let o(n) = 3*n**3 - 9*n**2 - 9*n - 9. Let w(a) = 2*a**3 - 5*a**2 - 5*a - 5. Let t(j) = -6*o(j) + 11*w(j). Calculate t(f).
-5
Let f(n) = 5*n + 1. Let o = 5 - 7. Let h = o - -4. Suppose -4*z - 6 = h*u, 4*z + 5*u + 7 + 2 = 0. What is f(z)?
-4
Let y(u) = 4*u - 23. Let h(f) = -2*f + 11. Let b(a) = 5*h(a) + 2*y(a). Determine b(7).
-5
Let f be 24/18 - 2/(-3). Let u(r) = -9*r**f - 3 - r + 3*r + 11*r**2. Give u(2).
9
Let q(d) = -3*d**2 - d - 13. Let g(a) = 5*a**2 + a + 20. Let i(p) = -5*g(p) - 8*q(p). What is i(-3)?
-14
Let v(i) = -i**3 - 3*i**2 - 2*i - 1. Let x be 2/(-8) - 102/(-24). Let s be 18/x*28/6. Let d be (-6)/s + 12/(-7). Calculate v(d).
-1
Let c(j) = -2 - 5*j + 4*j + 0*j + 0*j. Let w = -4 - -6. Let r(g) = -2*g - 5. Let b(n) = w*r(n) - 5*c(n). Give b(3).
3
Let b = -10 - -12. Suppose -3*r = b*r - 20. Let h(g) = g**2 - 6*g + 2. Calculate h(r).
-6
Let f(p) be the second derivative of -p**4/12 + p**3/6 - 3*p**2/2 - 31*p. Give f(5).
-23
Let p be (5/1)/(2 + -1). Let i(o) = o**2 - 4*o + 7. Give i(p).
12
Let y(s) = -s**3 + 12*s**2 + s - 17. Let g(a) = a**3 - 2*a**2 + 3. Let p be g(3). Determine y(p).
-5
Let k = 0 + 0. Let a be 2/(-8) + 36/16. Let c(g) = 1 - 3*g**2 + 0*g**2 - g**3 + 2*g**2 + 2*g**a - g. What is c(k)?
1
Let h(w) = -7*w**2 - 10*w - 9. Let g(f) be the second derivative of 5*f**4/6 + 5*f**3/2 + 13*f**2/2 - f. Let p(a) = 5*g(a) + 7*h(a). Calculate p(-5).
2
Suppose 0 = 5*x - 187 + 37. Suppose q + 4*q = -x. Let j(v) = -v - 5. Give j(q).
1
Let o(q) be the third derivative of -q**6/120 - q**5/20 - q**4/6 - q**3/2 - q**2. Let d = -1 + -2. Determine o(d).
9
Let a be 0 - ((-1)/1 + 4). Let t(w) be the third derivative of -w**6/120 - w**5/15 + w**3/2 - w**2. Determine t(a).
-6
Let q(r) be the second derivative of -r**4 + r**3/6 + 2*r - 12. Give q(1).
-11
Let y(p) be the second derivative of 0*p**3 + 1/20*p**5 + 7*p - 7/2*p**2 + 0*p**4 + 0. What is y(0)?
-7
Let f(s) be the second derivative of -s**3/6 + 5*s**2 + 18*s. Suppose -2*d = -3*d. Give f(d).
10
Let a(j) be the third derivative of j**6/40 - j**5/15 + j**4/8 - j**3/3 - 15*j**2. Determine a(2).
12
Suppose 0 = 4*b - 2*b. Let s(k) = k**3 + k - 7 + 6*k - 6*k**2 + b*k. Give s(5).
3
Let l(i) = -i**3 + i + 5*i**2 - 2 + 0 - 1 - 2*i. Determine l(5).
-8
Suppose 5*g = 5*d + 35, 3*g = 5*d - 7 + 32. Let p(u) = -2*u**2 - u + 1. Calculate p(d).
-5
Let u(z) be the second derivative of -5/12*z**4 + 6*z + 0 + 1/20*z**5 - 7/6*z**3 + 7/2*z**2. Suppose 2*t - 7 = 5. Give u(t).
1
Let h(n) be the second derivative of -n**5/20 + 2*n**4/3 - 4*n**3/3 + n**2/2 - 2*n. Give h(7).
-6
Let y(h) = 2*h**3 + 4*h**2 + 3*h + 1. Let n = 104 - 106. What is y(n)?
-5
Let a(w) = -w**3 - 7*w**2 - 6*w - 4. Suppose 0 = g - 5*g. Suppose g = j - 2*s - 14, -10 = 2*j - 5*s - 37. Let v = j - 22. Give a(v).
-4
Let h(j) = j**2 + 8*j + 2. Let w be h(-8). Suppose w*d = 7*d. Suppose 0 = -x - 2*o + 2, -3*x + x + 2*o - 8 = d. Let z(g) = -g**2 + 2*g - 1. What is z(x)?
-9
Let q = -7 + 15. Let a = -4 + q. Let z(r) = -2*r - 4*r - 2 + a*r. What is z(2)?
-6
Let z(a) = a + 1. Let r be z(-2). Let y = -3 + 5. Let i(b) = -1 + 0 - b**y + 0 - 2*b + 0. Determine i(r).
0
Let w(h) = 15*h**2 - 10. Let p(l) = -l**2 + 1. Let t(v) = 10*p(v) + w(v). Suppose 0 = g + 1 - 0. Calculate t(g).
5
Let n be (-6)/((-10)/4 - -1). Let z(x) = 5*x**2 + 3 - x**2 - x**3 - x - n*x. Let w = -2 - -5. Determine z(w).
-3
Let n(s) = 4*s**2 - 3*s - 4. Let g(b) = 5*b**2 - 4*b - 5. Let c(w) = 3*g(w) - 4*n(w). What is c(1)?
0
Let s(d) = 3*d + 3. Suppose 0 = -3*x + 9, -4*l + 8 = l 